212a6
What is 667 (base 8) in base 7?
1165
What is -111101011 (base 2) in base 13?
-2ba
What is 113232 (base 5) in base 15?
1397
What is 114 (base 16) in base 4?
10110
What is 11100100101 (base 2) in base 3?
2111202
-13776 (base 8) to base 4
-1133332
What is 10011001100011 (base 2) in base 5?
303302
Convert 80 (base 15) to base 10.
120
1101001110 (base 2) to base 7
2316
-13b5 (base 16) to base 9
-6825
Convert -634 (base 7) to base 2.
-100111111
Convert -47a6 (base 11) to base 12.
-377b
Convert 738 (base 10) to base 7.
2103
1344 (base 6) to base 13
211
Convert -729 (base 13) to base 10.
-1218
What is 1111010 (base 2) in base 12?
a2
Convert -1625 (base 7) to base 10.
-656
-37 (base 11) to base 2
-101000
What is 335 (base 6) in base 14?
95
-75064 (base 8) to base 5
-2000114
What is 544 (base 6) in base 11?
17a
Convert 12036 (base 7) to base 13.
1557
-51b3 (base 13) to base 14
-4192
16c2a (base 15) to base 4
101332033
Convert -4531 (base 8) to base 13.
-1121
Convert -33 (base 10) to base 7.
-45
Convert -579 (base 16) to base 5.
-21101
3d7 (base 16) to base 12
69b
Convert -42 (base 6) to base 5.
-101
What is 21913 (base 13) in base 11?
417a4
What is 24142 (base 7) in base 13?
2b00
-23441 (base 5) to base 6
-12030
Convert 211002 (base 3) to base 10.
596
Convert -1e01 (base 15) to base 5.
-202101
Convert -14923 (base 11) to base 4.
-11021113
Convert 12031 (base 4) to base 10.
397
What is 187a4 (base 14) in base 11?
42549
1bcb (base 13) to base 7
15212
What is -711 (base 9) in base 15?
-287
692a (base 13) to base 2
11100110010011
What is 12444 (base 6) in base 10?
1900
Convert 118e (base 15) to base 7.
13613
Convert -4084 (base 9) to base 16.
-bb0
What is -420423 (base 6) in base 15?
-a070
-35 (base 10) to base 15
-25
346 (base 12) to base 14
26a
109b (base 12) to base 3
2112102
-213201 (base 5) to base 12
-4285
Convert -611 (base 9) to base 6.
-2144
What is -1385 (base 13) in base 9?
-3765
What is 2a4 (base 16) in base 14?
364
Convert 104 (base 10) to base 15.
6e
-827 (base 11) to base 2
-1111100101
What is -148006 (base 9) in base 5?
-10404011
What is 3783 (base 9) in base 2?
101100001101
Convert 40b8 (base 13) to base 8.
21353
211301 (base 4) to base 2
100101110001
What is -1100000110111001 (base 2) in base 10?
-49593
Convert -424 (base 10) to base 13.
-268
b34 (base 13) to base 9
2543
-36342 (base 8) to base 13
-712c
What is -381c (base 14) in base 4?
-2121202
Convert -22601 (base 11) to base 9.
-48731
-113313 (base 5) to base 10
-4208
-120210122 (base 3) to base 6
-125155
Convert be (base 16) to base 5.
1230
Convert 2223 (base 4) to base 10.
171
-231 (base 16) to base 7
-1431
What is -4401 (base 12) in base 9?
-11241
-202010220 (base 3) to base 6
-151553
What is 29194 (base 10) in base 2?
111001000001010
What is 2810 (base 9) in base 4?
201003
-cb2 (base 16) to base 11
-2495
452 (base 13) to base 6
3235
What is -10542 (base 9) in base 5?
-211004
Convert a23 (base 12) to base 15.
67c
What is -528 (base 13) in base 16?
-36f
-1013021 (base 4) to base 9
-6218
Convert a630 (base 12) to base 5.
1040210
Convert -120 (base 16) to base 6.
-1200
1312301 (base 5) to base 14
9659
What is 1829 (base 11) in base 16?
91a
What is -10313303 (base 4) in base 2?
-100110111110011
-2256 (base 14) to base 16
-1744
Convert -14404 (base 5) to base 11.
-a18
3a88 (base 12) to base 10
6728
Convert 1005 (base 8) to base 12.
371
54ab (base 14) to base 12
8593
Convert -34 (base 8) to base 5.
-103
What is 416 (base 11) in base 7?
1314
Convert -a956 (base 15) to base 16.
-8c10
121210 (base 3) to base 12
319
Convert d7 (base 15) to base 9.
244
Convert -1002011100 (base 3) to base 2.
-101001100001010
What is 3321 (base 8) in base 2?
11011010001
Convert -292 (base 14) to base 3.
-201021
-4433 (base 13) to base 12
-5602
-33 (base 11) to base 13
-2a
Convert -363 (base 11) to base 10.
-432
Convert -110111 (base 3) to base 8.
-521
4551 (base 7) to base 9
2236
Convert -291a (base 12) to base 5.
-123044
What is 13106 (base 7) in base 6?
24045
-6856 (base 9) to base 5
-130243
30066 (base 7) to base 4
1301103
-30730 (base 9) to base 12
-b899
-281b (base 14) to base 13
-32b9
What is -341121 (base 5) in base 8?
-27404
Convert 85b (base 12) to base 7.
3365
Convert -10111010000010 (base 2) to base 16.
-2e82
What is 366 (base 14) in base 5?
10203
-458 (base 12) to base 6
-2552
22001 (base 3) to base 8
331
Convert 260c (base 14) to base 11.
501a
What is -369 (base 13) in base 7?
-1506
Convert -26510 (base 10) to base 12.
-13412
Convert -6916 (base 14) to base 11.
-1278a
2151 (base 13) to base 7
16332
851c (base 15) to base 9
42550
Convert 701 (base 13) to base 4.
102200
10011110001010 (base 2) to base 15
2eec
Convert -2c25 (base 13) to base 10.
-6453
What is 1025 (base 9) in base 14?
3ba
What is 1508 (base 10) in base 2?
10111100100
Convert 43c (base 14) to base 3.
1011001
Convert 384 (base 14) to base 11.
590
2322 (base 11) to base 14
117b
What is 64f (base 16) in base 7?
4465
Convert -4062 (base 7) to base 10.
-1416
48342 (base 9) to base 4
13321211
-72 (base 15) to base 8
-153
Convert 9bb (base 14) to base 6.
12533
Convert 27db (base 15) to base 10.
8531
What is -2231331 (base 4) in base 7?
-44313
Convert -b67 (base 14) to base 8.
-4307
c29 (base 15) to base 7
10662
Convert 1555 (base 8) to base 13.
526
-1011010100000 (base 2) to base 13
-2837
What is 51385 (base 9) in base 15?
a06e
What is 23033030 (base 4) in base 9?
70122
Convert -3300201 (base 4) to base 16.
-3c21
-6881 (base 9) to base 14
-1bdd
What is 11111 (base 4) in base 14?
1a5
-8094 (base 11) to base 3
-112202012
Convert -132202 (base 4) to base 5.
-30304
Convert 3442 (base 5) to base 16.
1f1
11101010010 (base 2) to base 7
5315
Convert 76d9 (base 16) to base 6.
352505
Convert -1d16 (base 14) to base 5.
-132222
5408 (base 13) to base 11
8849
455 (base 10) to base 12
31b
10918 (base 11) to base 14
5a4d
Convert 13140 (base 5) to base 10.
1045
157410 (base 8) to base 2
1101111100001000
Convert -364 (base 15) to base 9.
-1044
Convert -4617 (base 8) to base 13.
-1163
What is 241 (base 11) in base 16?
11f
106044 (base 8) to base 11
24a55
25743 (base 8) to base 10
11235
What is -22132 (base 4) in base 16?
-29e
Convert -470 (base 12) to base 9.
-813
30b5 (base 12) to base 13
2564
Convert 202221 (base 8) to base 13.
24492
What is 38 (base 15) in base 10?
53
Convert -10301 (base 5) to base 16.
-2bd
Convert -55 (base 15) to base 6.
-212
What is 210 (base 14) in base 4?
12112
What is 23d (base 15) in base 2?
111111100
Convert -1212022 (base 3) to base 7.
-3650
-162a (base 11) to base 9
-2771
What is -1da2 (base 15) in base 7?
-24545
19a1 (base 14) to base 3
20101012
Convert -1010111010100 (base 2) to base 6.
-41512
What is -276 (base 12) in base 10?
-378
What is 310330 (base 4) in base 13?
1708
-3751 (base 13) to base 6
-100144
What is 2743 (base 8) in base 12?
a57
10001011 (base 2) to base 10
139
Convert -1b6 (base 15) to base 10.
-396
Convert -1000 (base 3) to base 13.
-21
-8519 (base 11) to base 13
-5192
1261 (base 8) to base 13
410
What is 2022013 (base 5) in base 10?
32758
What is 2a8c (base 16) in base 7?
43520
Convert -10011010011 (base 2) to base 13.
-740
Convert 4341 (base 5) to base 7.
1511
What is 1101100 (base 2) in base 8?
154
Convert -150 (base 13) to base 7.
-453
Convert -703 (base 16) to base 11.
-1392
What is -39922 (base 10) in base 5?
-2234142
What is -2284 (base 10) in base 12?
-13a4
Convert -50c (base 15) to base 8.
-2161
2020011 (base 4) to base 5
234314
Convert -11111 (base 4) to base 2.
-101010101
22101 (base 5) to base 15
6bb
12e (base 16) to base 10
302
Convert 673 (base 12) to base 9.
1266
What is 1010101011 (base 2) in base 6?
3055
2ab (base 14) to base 5
4133
1101011001 (base 2) to base 5
11412
Convert -11001100 (base 3) to base 14.
-110c
-160 (base 13) to base 12
-187
Convert 5061 (base 10) to base 6.
35233
7548 (base 10) to base 5
220143
586a (base 11) to base 9
11504
What is 11192 (base 11) in base 8?
37502
What is 1232303 (base 4) in base 16?
1bb3
-27932 (base 13) to base 8
-220517
37 (base 13) to base 15
31
1a583 (base 11) to base 2
110111111100111
Convert -3ab1 (base 16) to base 10.
-15025
What is 120 (base 15) in base 10?
255
What is 1130134 (base 5) in base 6?
235405
-21331 (base 6) to base 7
-11362
Co